the prime factors of 478.
2, 239
What are the prime factors of 666?
2, 3, 37
List the prime factors of 14946.
2, 3, 47, 53
List the prime factors of 62031.
3, 23, 29, 31
What are the prime factors of 33990?
2, 3, 5, 11, 103
List the prime factors of 6193.
11, 563
What are the prime factors of 4919?
4919
List the prime factors of 5183.
71, 73
What are the prime factors of 3960?
2, 3, 5, 11
List the prime factors of 6320.
2, 5, 79
List the prime factors of 10870.
2, 5, 1087
List the prime factors of 2408.
2, 7, 43
List the prime factors of 5155.
5, 1031
What are the prime factors of 21145?
5, 4229
List the prime factors of 17591.
7, 359
What are the prime factors of 7887?
3, 11, 239
What are the prime factors of 177?
3, 59
List the prime factors of 540.
2, 3, 5
List the prime factors of 115848.
2, 3, 1609
What are the prime factors of 263?
263
List the prime factors of 1014.
2, 3, 13
What are the prime factors of 1626?
2, 3, 271
What are the prime factors of 6295?
5, 1259
What are the prime factors of 76?
2, 19
What are the prime factors of 17?
17
What are the prime factors of 7371?
3, 7, 13
What are the prime factors of 796?
2, 199
What are the prime factors of 3270?
2, 3, 5, 109
List the prime factors of 4458.
2, 3, 743
What are the prime factors of 3170?
2, 5, 317
What are the prime factors of 8077?
41, 197
What are the prime factors of 3739?
3739
List the prime factors of 5466.
2, 3, 911
List the prime factors of 81174.
2, 3, 83, 163
What are the prime factors of 1583?
1583
List the prime factors of 5901.
3, 7, 281
List the prime factors of 6105.
3, 5, 11, 37
What are the prime factors of 534?
2, 3, 89
What are the prime factors of 20773?
20773
What are the prime factors of 2298?
2, 3, 383
List the prime factors of 307.
307
List the prime factors of 297.
3, 11
What are the prime factors of 778?
2, 389
What are the prime factors of 36199?
53, 683
What are the prime factors of 1128?
2, 3, 47
List the prime factors of 2628.
2, 3, 73
What are the prime factors of 74038?
2, 37019
List the prime factors of 71548.
2, 31, 577
What are the prime factors of 2020?
2, 5, 101
List the prime factors of 2957.
2957
What are the prime factors of 159?
3, 53
What are the prime factors of 152296?
2, 19037
List the prime factors of 25087.
25087
List the prime factors of 39212.
2, 9803
What are the prime factors of 1930?
2, 5, 193
List the prime factors of 39986.
2, 19993
List the prime factors of 7398.
2, 3, 137
List the prime factors of 29164.
2, 23, 317
What are the prime factors of 5855?
5, 1171
List the prime factors of 9570.
2, 3, 5, 11, 29
List the prime factors of 10724.
2, 7, 383
List the prime factors of 101665.
5, 20333
List the prime factors of 506.
2, 11, 23
List the prime factors of 441.
3, 7
What are the prime factors of 4423?
4423
What are the prime factors of 39941?
11, 3631
List the prime factors of 3740.
2, 5, 11, 17
List the prime factors of 718.
2, 359
What are the prime factors of 6790?
2, 5, 7, 97
List the prime factors of 30181.
30181
List the prime factors of 116355.
3, 5, 7757
What are the prime factors of 51866?
2, 25933
What are the prime factors of 268?
2, 67
What are the prime factors of 4700?
2, 5, 47
What are the prime factors of 603?
3, 67
List the prime factors of 4264.
2, 13, 41
What are the prime factors of 1142?
2, 571
List the prime factors of 113471.
233, 487
List the prime factors of 14885.
5, 13, 229
List the prime factors of 20612.
2, 5153
List the prime factors of 2057.
11, 17
What are the prime factors of 2502?
2, 3, 139
List the prime factors of 5609.
71, 79
List the prime factors of 1059.
3, 353
List the prime factors of 6846.
2, 3, 7, 163
What are the prime factors of 8849?
8849
What are the prime factors of 632?
2, 79
What are the prime factors of 1434?
2, 3, 239
List the prime factors of 141.
3, 47
List the prime factors of 32265.
3, 5, 239
What are the prime factors of 1532?
2, 383
List the prime factors of 9033.
3, 3011
What are the prime factors of 549?
3, 61
List the prime factors of 40807.
13, 43, 73
What are the prime factors of 10491?
3, 13, 269
List the prime factors of 2722.
2, 1361
What are the prime factors of 307?
307
What are the prime factors of 2042?
2, 1021
What are the prime factors of 793?
13, 61
What are the prime factors of 124876?
2, 31219
List the prime factors of 14695.
5, 2939
List the prime factors of 10529.
10529
What are the prime factors of 25832?
2, 3229
What are the prime factors of 6984?
2, 3, 97
List the prime factors of 43357.
191, 227
What are the prime factors of 4055?
5, 811
What are the prime factors of 113349?
3, 37783
What are the prime factors of 19862?
2, 9931
What are the prime factors of 6519?
3, 41, 53
What are the prime factors of 3510?
2, 3, 5, 13
What are the prime factors of 7592?
2, 13, 73
What are the prime factors of 2739?
3, 11, 83
List the prime factors of 72771.
3, 127, 191
What are the prime factors of 1823?
1823
What are the prime factors of 1692?
2, 3, 47
List the prime factors of 8482.
2, 4241
What are the prime factors of 27163?
23, 1181
List the prime factors of 20602.
2, 10301
What are the prime factors of 5544?
2, 3, 7, 11
What are the prime factors of 291?
3, 97
What are the prime factors of 352?
2, 11
What are the prime factors of 5236?
2, 7, 11, 17
What are the prime factors of 41898?
2, 3, 6983
What are the prime factors of 63950?
2, 5, 1279
What are the prime factors of 69752?
2, 8719
List the prime factors of 7471.
31, 241
What are the prime factors of 16286?
2, 17, 479
What are the prime factors of 2284?
2, 571
What are the prime factors of 6102?
2, 3, 113
List the prime factors of 1218.
2, 3, 7, 29
List the prime factors of 2670.
2, 3, 5, 89
List the prime factors of 70083.
3, 13, 599
What are the prime factors of 8331?
3, 2777
List the prime factors of 93.
3, 31
List the prime factors of 7635.
3, 5, 509
List the prime factors of 28861.
7, 19, 31
List the prime factors of 29038.
2, 14519
List the prime factors of 14422.
2, 7211
List the prime factors of 861.
3, 7, 41
List the prime factors of 7925.
5, 317
What are the prime factors of 58120?
2, 5, 1453
What are the prime factors of 32213?
32213
List the prime factors of 3177.
3, 353
What are the prime factors of 36117?
3, 4013
What are the prime factors of 112246?
2, 56123
What are the prime factors of 34858?
2, 29, 601
What are the prime factors of 2750?
2, 5, 11
List the prime factors of 3761.
3761
What are the prime factors of 2192?
2, 137
What are the prime factors of 87573?
3, 29191
List the prime factors of 4141.
41, 101
List the prime factors of 34403.
34403
What are the prime factors of 25816?
2, 7, 461
What are the prime factors of 3094?
2, 7, 13, 17
List the prime factors of 121318.
2, 60659
List the prime factors of 16023.
3, 7, 109
List the prime factors of 540.
2, 3, 5
What are the prime factors of 14704?
2, 919
What are the prime factors of 911?
911
What are the prime factors of 26314?
2, 59, 223
What are the prime factors of 3553?
11, 17, 19
What are the prime factors of 30643?
30643
What are the prime factors of 36708?
2, 3, 7, 19, 23
What are the prime factors of 513?
3, 19
List the prime factors of 798.
2, 3, 7, 19
List the prime factors of 69550.
2, 5, 13, 107
What are the prime factors of 71208?
2, 3, 23, 43
What are the prime factors of 736?
2, 23
What are the prime factors of 3788?
2, 947
What are the prime factors of 3729?
3, 11, 113
List the prime factors of 1001.
7, 11, 13
List the prime factors of 21858.
2, 3, 3643
List the prime factors of 42368.
2, 331
List the prime factors of 19067.
23, 829
What are the prime factors of 69803?
29, 83
What are the prime factors of 27730?
2, 5, 47, 59
What are the prime factors of 207?
3, 23
What are the prime factors of 1616?
2, 101
What are the prime factors of 6559?
7, 937
List the prime factors of 9624.
2, 3, 401
What are the prime factors of 6281?
11, 571
What are the prime factors of 11527?
11527
List the prime factors of 11490.
2, 3, 5, 383
List the prime factors of 4852.
2, 1213
What are the prime factors of 4058?
2, 2029
List the prime factors of 2026.
2, 1013
List the prime factors of 16876.
2, 4219
List the prime factors of 11147.
71, 157
List the prime factors of 1238.
2, 619
List the prime factors of 1042.
2, 521
What